[INFO] cloning repository https://github.com/valep27/rustl
[INFO] running `Command { std: "git" "-c" "credential.helper=" "-c" "credential.helper=/workspace/cargo-home/bin/git-credential-null" "clone" "--bare" "https://github.com/valep27/rustl" "/workspace/cache/git-repos/https%3A%2F%2Fgithub.com%2Fvalep27%2Frustl", kill_on_drop: false }`
[INFO] [stderr] Cloning into bare repository '/workspace/cache/git-repos/https%3A%2F%2Fgithub.com%2Fvalep27%2Frustl'...
[INFO] running `Command { std: "git" "rev-parse" "HEAD", kill_on_drop: false }`
[INFO] [stdout] 8ea9cfc47e2bed38c2e75cbd8fc608d314660240
[INFO] building valep27/rustl against master#881c1ac408d93bb7adaa3a51dabab9266e82eee8 for issue-85264
[INFO] running `Command { std: "git" "clone" "/workspace/cache/git-repos/https%3A%2F%2Fgithub.com%2Fvalep27%2Frustl" "/workspace/builds/worker-5/source", kill_on_drop: false }`
[INFO] [stderr] Cloning into '/workspace/builds/worker-5/source'...
[INFO] [stderr] done.
[INFO] validating manifest of git repo https://github.com/valep27/rustl on toolchain 881c1ac408d93bb7adaa3a51dabab9266e82eee8
[INFO] running `Command { std: "/workspace/cargo-home/bin/cargo" "+881c1ac408d93bb7adaa3a51dabab9266e82eee8" "metadata" "--manifest-path" "Cargo.toml" "--no-deps", kill_on_drop: false }`
[INFO] started tweaking git repo https://github.com/valep27/rustl
[INFO] finished tweaking git repo https://github.com/valep27/rustl
[INFO] tweaked toml for git repo https://github.com/valep27/rustl written to /workspace/builds/worker-5/source/Cargo.toml
[INFO] crate git repo https://github.com/valep27/rustl already has a lockfile, it will not be regenerated
[INFO] running `Command { std: "/workspace/cargo-home/bin/cargo" "+881c1ac408d93bb7adaa3a51dabab9266e82eee8" "fetch" "--manifest-path" "Cargo.toml", kill_on_drop: false }`
[INFO] running `Command { std: "docker" "create" "-v" "/var/lib/crater-agent-workspace/builds/worker-5/target:/opt/rustwide/target:rw,Z" "-v" "/var/lib/crater-agent-workspace/builds/worker-5/source:/opt/rustwide/workdir:ro,Z" "-v" "/var/lib/crater-agent-workspace/cargo-home:/opt/rustwide/cargo-home:ro,Z" "-v" "/var/lib/crater-agent-workspace/rustup-home:/opt/rustwide/rustup-home:ro,Z" "-e" "SOURCE_DIR=/opt/rustwide/workdir" "-e" "CARGO_TARGET_DIR=/opt/rustwide/target" "-e" "CARGO_HOME=/opt/rustwide/cargo-home" "-e" "RUSTUP_HOME=/opt/rustwide/rustup-home" "-w" "/opt/rustwide/workdir" "-m" "1610612736" "--user" "0:0" "--network" "none" "ghcr.io/rust-lang/crates-build-env/linux@sha256:20528e8c29e4536546f0102ce88568b16ea7538393a33fcca951030f7af10457" "/opt/rustwide/cargo-home/bin/cargo" "+881c1ac408d93bb7adaa3a51dabab9266e82eee8" "metadata" "--no-deps" "--format-version=1", kill_on_drop: false }`
[INFO] [stdout] fc0a021bdeb7e4087666e9f49a6f03c96924432a38f52e1da7cdfa743d258268
[INFO] [stderr] WARNING: Your kernel does not support swap limit capabilities or the cgroup is not mounted. Memory limited without swap.
[INFO] running `Command { std: "docker" "start" "-a" "fc0a021bdeb7e4087666e9f49a6f03c96924432a38f52e1da7cdfa743d258268", kill_on_drop: false }`
[INFO] running `Command { std: "docker" "inspect" "fc0a021bdeb7e4087666e9f49a6f03c96924432a38f52e1da7cdfa743d258268", kill_on_drop: false }`
[INFO] running `Command { std: "docker" "rm" "-f" "fc0a021bdeb7e4087666e9f49a6f03c96924432a38f52e1da7cdfa743d258268", kill_on_drop: false }`
[INFO] [stdout] fc0a021bdeb7e4087666e9f49a6f03c96924432a38f52e1da7cdfa743d258268
[INFO] running `Command { std: "docker" "create" "-v" "/var/lib/crater-agent-workspace/builds/worker-5/target:/opt/rustwide/target:rw,Z" "-v" "/var/lib/crater-agent-workspace/builds/worker-5/source:/opt/rustwide/workdir:ro,Z" "-v" "/var/lib/crater-agent-workspace/cargo-home:/opt/rustwide/cargo-home:ro,Z" "-v" "/var/lib/crater-agent-workspace/rustup-home:/opt/rustwide/rustup-home:ro,Z" "-e" "SOURCE_DIR=/opt/rustwide/workdir" "-e" "CARGO_TARGET_DIR=/opt/rustwide/target" "-e" "CARGO_INCREMENTAL=0" "-e" "RUST_BACKTRACE=full" "-e" "RUSTFLAGS=--cap-lints=forbid" "-e" "CARGO_HOME=/opt/rustwide/cargo-home" "-e" "RUSTUP_HOME=/opt/rustwide/rustup-home" "-w" "/opt/rustwide/workdir" "-m" "1610612736" "--user" "0:0" "--network" "none" "ghcr.io/rust-lang/crates-build-env/linux@sha256:20528e8c29e4536546f0102ce88568b16ea7538393a33fcca951030f7af10457" "/opt/rustwide/cargo-home/bin/cargo" "+881c1ac408d93bb7adaa3a51dabab9266e82eee8" "build" "--frozen" "--message-format=json", kill_on_drop: false }`
[INFO] [stdout] 14cbc0200b0f1fb65d59bd56b1f660cf37e97b983eee45eb7a46923828426333
[INFO] [stderr] WARNING: Your kernel does not support swap limit capabilities or the cgroup is not mounted. Memory limited without swap.
[INFO] running `Command { std: "docker" "start" "-a" "14cbc0200b0f1fb65d59bd56b1f660cf37e97b983eee45eb7a46923828426333", kill_on_drop: false }`
[INFO] [stderr]    Compiling lisp v0.1.0 (/opt/rustwide/workdir)
[INFO] [stdout] warning: use of deprecated macro `try`: use the `?` operator instead
[INFO] [stdout]   --> src/lisp/lex.rs:50:20
[INFO] [stdout]    |
[INFO] [stdout] 50 |         let cell = try!(parse_form(tokens));
[INFO] [stdout]    |                    ^^^
[INFO] [stdout]    |
[INFO] [stdout]    = note: `#[warn(deprecated)]` on by default
[INFO] [stdout] 
[INFO] [stdout] 
[INFO] [stdout] warning: use of deprecated macro `try`: use the `?` operator instead
[INFO] [stdout]   --> src/lisp/eval.rs:25:17
[INFO] [stdout]    |
[INFO] [stdout] 25 |         first = try!(eval(first, env));
[INFO] [stdout]    |                 ^^^
[INFO] [stdout] 
[INFO] [stdout] 
[INFO] [stdout] warning: use of deprecated macro `try`: use the `?` operator instead
[INFO] [stdout]   --> src/lisp/eval.rs:88:24
[INFO] [stdout]    |
[INFO] [stdout] 88 |         let atom_arg = try!(eval(args.remove(0), outer));
[INFO] [stdout]    |                        ^^^
[INFO] [stdout] 
[INFO] [stdout] 
[INFO] [stdout] warning: use of deprecated macro `try`: use the `?` operator instead
[INFO] [stdout]    --> src/lisp/eval.rs:134:21
[INFO] [stdout]     |
[INFO] [stdout] 134 |         let value = try!(eval(args.remove(0), env));
[INFO] [stdout]     |                     ^^^
[INFO] [stdout] 
[INFO] [stdout] 
[INFO] [stdout] warning: use of deprecated macro `try`: use the `?` operator instead
[INFO] [stdout]    --> src/lisp/eval.rs:195:21
[INFO] [stdout]     |
[INFO] [stdout] 195 |         let value = try!(eval(arg, env));
[INFO] [stdout]     |                     ^^^
[INFO] [stdout] 
[INFO] [stdout] 
[INFO] [stdout] warning: 5 warnings emitted
[INFO] [stdout] 
[INFO] [stdout] 
[INFO] [stderr]     Finished dev [unoptimized + debuginfo] target(s) in 2.12s
[INFO] running `Command { std: "docker" "inspect" "14cbc0200b0f1fb65d59bd56b1f660cf37e97b983eee45eb7a46923828426333", kill_on_drop: false }`
[INFO] running `Command { std: "docker" "rm" "-f" "14cbc0200b0f1fb65d59bd56b1f660cf37e97b983eee45eb7a46923828426333", kill_on_drop: false }`
[INFO] [stdout] 14cbc0200b0f1fb65d59bd56b1f660cf37e97b983eee45eb7a46923828426333
[INFO] running `Command { std: "docker" "create" "-v" "/var/lib/crater-agent-workspace/builds/worker-5/target:/opt/rustwide/target:rw,Z" "-v" "/var/lib/crater-agent-workspace/builds/worker-5/source:/opt/rustwide/workdir:ro,Z" "-v" "/var/lib/crater-agent-workspace/cargo-home:/opt/rustwide/cargo-home:ro,Z" "-v" "/var/lib/crater-agent-workspace/rustup-home:/opt/rustwide/rustup-home:ro,Z" "-e" "SOURCE_DIR=/opt/rustwide/workdir" "-e" "CARGO_TARGET_DIR=/opt/rustwide/target" "-e" "CARGO_INCREMENTAL=0" "-e" "RUST_BACKTRACE=full" "-e" "RUSTFLAGS=--cap-lints=forbid" "-e" "CARGO_HOME=/opt/rustwide/cargo-home" "-e" "RUSTUP_HOME=/opt/rustwide/rustup-home" "-w" "/opt/rustwide/workdir" "-m" "1610612736" "--user" "0:0" "--network" "none" "ghcr.io/rust-lang/crates-build-env/linux@sha256:20528e8c29e4536546f0102ce88568b16ea7538393a33fcca951030f7af10457" "/opt/rustwide/cargo-home/bin/cargo" "+881c1ac408d93bb7adaa3a51dabab9266e82eee8" "test" "--frozen" "--no-run" "--message-format=json", kill_on_drop: false }`
[INFO] [stdout] 65a3fd9127e11d0556e7a18c435832146e38a7a27d15cdd59b7fdec416a22135
[INFO] [stderr] WARNING: Your kernel does not support swap limit capabilities or the cgroup is not mounted. Memory limited without swap.
[INFO] running `Command { std: "docker" "start" "-a" "65a3fd9127e11d0556e7a18c435832146e38a7a27d15cdd59b7fdec416a22135", kill_on_drop: false }`
[INFO] [stderr]    Compiling lisp v0.1.0 (/opt/rustwide/workdir)
[INFO] [stdout] warning: use of deprecated macro `try`: use the `?` operator instead
[INFO] [stdout]   --> src/lisp/lex.rs:50:20
[INFO] [stdout]    |
[INFO] [stdout] 50 |         let cell = try!(parse_form(tokens));
[INFO] [stdout]    |                    ^^^
[INFO] [stdout]    |
[INFO] [stdout]    = note: `#[warn(deprecated)]` on by default
[INFO] [stdout] 
[INFO] [stdout] 
[INFO] [stdout] warning: use of deprecated macro `try`: use the `?` operator instead
[INFO] [stdout]   --> src/lisp/eval.rs:25:17
[INFO] [stdout]    |
[INFO] [stdout] 25 |         first = try!(eval(first, env));
[INFO] [stdout]    |                 ^^^
[INFO] [stdout] 
[INFO] [stdout] 
[INFO] [stdout] warning: use of deprecated macro `try`: use the `?` operator instead
[INFO] [stdout]   --> src/lisp/eval.rs:88:24
[INFO] [stdout]    |
[INFO] [stdout] 88 |         let atom_arg = try!(eval(args.remove(0), outer));
[INFO] [stdout]    |                        ^^^
[INFO] [stdout] 
[INFO] [stdout] 
[INFO] [stdout] warning: use of deprecated macro `try`: use the `?` operator instead
[INFO] [stdout]    --> src/lisp/eval.rs:134:21
[INFO] [stdout]     |
[INFO] [stdout] 134 |         let value = try!(eval(args.remove(0), env));
[INFO] [stdout]     |                     ^^^
[INFO] [stdout] 
[INFO] [stdout] 
[INFO] [stdout] warning: use of deprecated macro `try`: use the `?` operator instead
[INFO] [stdout]    --> src/lisp/eval.rs:195:21
[INFO] [stdout]     |
[INFO] [stdout] 195 |         let value = try!(eval(arg, env));
[INFO] [stdout]     |                     ^^^
[INFO] [stdout] 
[INFO] [stdout] 
[INFO] [stdout] error[E0308]: mismatched types
[INFO] [stdout]    --> src/lisp/eval.rs:208:9
[INFO] [stdout]     |
[INFO] [stdout] 207 |     let res = match eval(t, &mut env) {
[INFO] [stdout]     |                     ----------------- this expression has type `Result<types::RLType, types::RLError>`
[INFO] [stdout] 208 |         RLType::Number(n) => n,
[INFO] [stdout]     |         ^^^^^^^^^^^^^^^^^ expected enum `Result`, found enum `types::RLType`
[INFO] [stdout]     |
[INFO] [stdout]     = note: expected enum `Result<types::RLType, types::RLError>`
[INFO] [stdout]                found enum `types::RLType`
[INFO] [stdout] 
[INFO] [stdout] 
[INFO] [stdout] error[E0308]: mismatched types
[INFO] [stdout]    --> src/lisp/eval.rs:224:9
[INFO] [stdout]     |
[INFO] [stdout] 223 |     let res = match eval(t, &mut env) {
[INFO] [stdout]     |                     ----------------- this expression has type `Result<types::RLType, types::RLError>`
[INFO] [stdout] 224 |         RLType::Number(n) => n,
[INFO] [stdout]     |         ^^^^^^^^^^^^^^^^^ expected enum `Result`, found enum `types::RLType`
[INFO] [stdout]     |
[INFO] [stdout]     = note: expected enum `Result<types::RLType, types::RLError>`
[INFO] [stdout]                found enum `types::RLType`
[INFO] [stdout] 
[INFO] [stdout] 
[INFO] [stdout] error[E0308]: mismatched types
[INFO] [stdout]    --> src/lisp/eval.rs:239:9
[INFO] [stdout]     |
[INFO] [stdout] 238 |     let res = match eval(t, &mut env) {
[INFO] [stdout]     |                     ----------------- this expression has type `Result<types::RLType, types::RLError>`
[INFO] [stdout] 239 |         RLType::Number(n) => n,
[INFO] [stdout]     |         ^^^^^^^^^^^^^^^^^ expected enum `Result`, found enum `types::RLType`
[INFO] [stdout]     |
[INFO] [stdout]     = note: expected enum `Result<types::RLType, types::RLError>`
[INFO] [stdout]                found enum `types::RLType`
[INFO] [stdout] 
[INFO] [stdout] 
[INFO] [stdout] error[E0308]: mismatched types
[INFO] [stdout]    --> src/lisp/eval.rs:258:9
[INFO] [stdout]     |
[INFO] [stdout] 257 |     let res = match eval(t, &mut env) {
[INFO] [stdout]     |                     ----------------- this expression has type `Result<types::RLType, types::RLError>`
[INFO] [stdout] 258 |         RLType::Number(n) => n,
[INFO] [stdout]     |         ^^^^^^^^^^^^^^^^^ expected enum `Result`, found enum `types::RLType`
[INFO] [stdout]     |
[INFO] [stdout]     = note: expected enum `Result<types::RLType, types::RLError>`
[INFO] [stdout]                found enum `types::RLType`
[INFO] [stdout] 
[INFO] [stdout] 
[INFO] [stdout] error: aborting due to 4 previous errors; 5 warnings emitted
[INFO] [stdout] 
[INFO] [stdout] 
[INFO] [stdout] For more information about this error, try `rustc --explain E0308`.
[INFO] [stdout] 
[INFO] [stderr] error: could not compile `lisp`
[INFO] [stderr] 
[INFO] [stderr] To learn more, run the command again with --verbose.
[INFO] running `Command { std: "docker" "inspect" "65a3fd9127e11d0556e7a18c435832146e38a7a27d15cdd59b7fdec416a22135", kill_on_drop: false }`
[INFO] running `Command { std: "docker" "rm" "-f" "65a3fd9127e11d0556e7a18c435832146e38a7a27d15cdd59b7fdec416a22135", kill_on_drop: false }`
[INFO] [stdout] 65a3fd9127e11d0556e7a18c435832146e38a7a27d15cdd59b7fdec416a22135
